et h = -851 - -951. What is the highest common divisor of 140 and h?
20
Let k be -1 + 2 - (-1128)/6. Let a be 0/(-2 + 1 - 0). Suppose 5*g - 3*g - 54 = a. Calculate the highest common divisor of g and k.
27
Suppose -431 - 973 = -6*t. Calculate the greatest common divisor of t and 18.
18
Suppose -25*d + 39318 = -18757. What is the greatest common factor of 101 and d?
101
Let j be 2*25 - (-110 + 119). What is the greatest common factor of 123 and j?
41
Suppose 1127 = n + z, 5*n - z = 4*z + 5615. Suppose -n = -18*y - 261. What is the highest common divisor of y and 3?
3
Let z = 132 - 90. Calculate the highest common divisor of z and 108.
6
Suppose i = 3*d + 3, 0 = -3*i - 5*d + 48 + 17. Suppose -3*g + 9 = -6. What is the highest common factor of i and g?
5
Let f = 604 - 309. What is the greatest common factor of f and 413?
59
Suppose -29*m = -30*m - 1. Let s be (54/(-9))/(1/(-2) + m). What is the highest common divisor of 44 and s?
4
Let r be (0 + -5)*2*(-5)/25. Suppose u - r*u + 56 = 0. Calculate the greatest common factor of 8 and u.
8
Suppose 4*g + 23 = -249. Let r be (g/(-24))/(2/12). Calculate the highest common divisor of 68 and r.
17
Let f be -2 - 1/((-2)/168). Let v = f + -40. Suppose -43*k = 4*n - 44*k - 53, k + 39 = 3*n. What is the greatest common factor of n and v?
14
Let x = -309 - -333. What is the greatest common divisor of x and 336?
24
Suppose 201 + 231 = 3*u. Suppose -2*o - 290 = -3*b, -3*b + 0*o = -3*o - 291. What is the greatest common factor of u and b?
48
Let a be (6/(-7))/((-2)/7). Suppose a*d + 15 + 0 = 0. Let b be 8 + d + 1 + 40. What is the greatest common factor of b and 4?
4
Let j(u) = -u**3 + 7*u**2 + 3*u + 6. Let i be j(7). Suppose -7*o - 843 + 969 = 0. Calculate the highest common divisor of o and i.
9
Let l = -96 - -266. Let g be (-78)/(-143) - 736/(-22). What is the greatest common factor of l and g?
34
Suppose 0 = 2*n - 3 - 23. Let y = -9 + n. Suppose -k + 14 + 2 = y*o, 3*o = 3*k - 18. What is the greatest common factor of k and 20?
4
Suppose 4*b + 7*b = 22. Suppose b*n - 7*n + 20 = 0. Suppose -4*z - 7 = -2*x + 9, 0 = 2*x + 2*z - 4. What is the greatest common divisor of x and n?
4
Let h = 54 - 18. Let z = 15 - 11. Calculate the greatest common divisor of h and z.
4
Let s be 2/(-14) + (-507)/(-21) + 2. Let b be (-6)/8 - 1272/(-32). Calculate the greatest common factor of s and b.
13
Suppose -6*s + 10*s - 20 = 0. Suppose -s*f + 2 = -3*f, 5*g - 4*f - 16 = 0. Suppose 0 = -9*q + g*q + 60. What is the greatest common divisor of q and 132?
12
Let i be -1 - (2/(-3))/(24/91548). What is the highest common divisor of i and 82?
82
Let o = -31 - -49. Suppose 3*x - x = 18. What is the highest common divisor of o and x?
9
Suppose 5*b = -1387 + 3537. What is the highest common factor of b and 172?
86
Let a be 6/21 + (-5514)/42. Let h = a + 141. What is the greatest common factor of 310 and h?
10
Let m = -10 - -47. What is the greatest common divisor of 296 and m?
37
Suppose -3*w - 54 = -3*m, 2*w = m - 18 + 4. What is the greatest common divisor of m and 2?
2
Suppose -2*p = 5*r + 104 - 277, -5*p = -r + 13. Suppose 0 = -5*g + 3*g + 594. What is the greatest common divisor of r and g?
33
Let o(y) = y**3 + 6*y**2 + 5*y - 3. Let w be o(-4). Let v(p) = 4*p**2 - p + 1. Let k be v(-1). What is the highest common divisor of k and w?
3
Let s(b) = -b**3 + 3*b**2 + 4*b + 2. Let n be s(-2). Calculate the greatest common factor of 420 and n.
14
Let w = -18 + 48. Let p(o) = -3*o**2 + 14*o + 1. Let k be p(1). What is the highest common divisor of k and w?
6
Suppose 78*l = 69*l + 162. What is the highest common factor of 6 and l?
6
Suppose 81*v - 78*v - 45 = 0. Suppose -7*l - v = -29. Let s(r) = -r - 1. Let a be s(-2). Calculate the highest common divisor of a and l.
1
Let k = 54 - -86. Let r be (-3)/(((-4)/(-2) - 5)/20). What is the highest common divisor of k and r?
20
Let b be (-57)/((12/(-54))/((-10)/(-15))). What is the greatest common divisor of 285 and b?
57
Let h be 51435/120 + 9/24. What is the greatest common factor of h and 195?
39
Suppose -8 = z - 0*y - 3*y, 0 = 2*z - 2*y - 4. Suppose h - 5*j - 73 = -7*j, -h + 78 = 3*j. What is the highest common divisor of h and z?
7
Let q = 24 + 16. Let w = -270 - -280. Calculate the highest common factor of w and q.
10
Let f = 491 - 203. Suppose -4*z + 288 = 3*t, -t + 0*t = -4*z + f. Suppose q - z = -3*q. What is the greatest common factor of q and 90?
18
Let d = -64 + 64. Suppose -5*i + 36 - 26 = d. What is the greatest common factor of i and 22?
2
Let u = -82 - -148. Let b = 52 - 30. What is the highest common divisor of b and u?
22
Let c be 10 + 20/16*124. What is the greatest common divisor of 99 and c?
33
Let h = -8 - -11. Suppose 195 = 5*x - 0*x - 3*q, 0 = 5*x + h*q - 225. Let y be (x/4)/(33/44). Calculate the greatest common divisor of y and 2.
2
Suppose 5*m = 0, 2*g = 2*m - 13 + 57. Suppose 28*i = g*i + 36. Let z be ((-36)/14)/((-2)/14). Calculate the highest common divisor of z and i.
6
Let y = -1496 - -1531. What is the highest common factor of 385 and y?
35
Let k(n) = -7*n + 1. Let v(t) = -6*t + 2. Let r(x) = -5*k(x) + 6*v(x). Let d be (-1)/(2/48*4). Let j be r(d). What is the highest common factor of 65 and j?
13
Suppose -60 = -4*z - z. Let n be (0 - -55)*z/10. Let l(m) = m**2 - 39*m + 386. Let q be l(19). Calculate the highest common divisor of n and q.
6
Suppose j + 58 = 2*r - 1, -r + j = -28. What is the greatest common divisor of r and 217?
31
Suppose -2*z + 33 = 5*d, -z + 8 + 6 = 2*d. Suppose d = -w, -4*w - 97 = -5*u - 32. Calculate the greatest common divisor of 81 and u.
9
Suppose -44*w + 22*w + 1870 = 0. Calculate the greatest common factor of w and 10.
5
Suppose -n - 72 + 83 = 0. Suppose 2*t - 5 = 3. Suppose -2*m + 52 = -4*v - 104, 0 = -t*m + 5*v + 327. Calculate the highest common factor of n and m.
11
Let z = 1679 + -776. What is the highest common divisor of z and 21?
21
Suppose 0 = -2*a - 2*x + 4, 3*a - 3 - 3 = x. Let i be a/(-5) + (-74)/(-10). What is the highest common divisor of i and 7?
7
Let y(w) = -2551 + 3*w**3 + 2*w**3 + 2532 + 3*w - 8*w**2 - 3*w**3. Let r be y(6). Calculate the highest common divisor of 26 and r.
13
Let g be (20/(1*-2))/(-1). Let n be (8/g)/(4/110). Let r(w) = w**2 + 6*w - 347. Let u be r(-23). Calculate the greatest common divisor of u and n.
22
Suppose -7351*o + 1050 = -7346*o. What is the highest common divisor of o and 270?
30
Suppose 13*n = -t + 8*n + 666, -3*n + 3418 = 5*t. What is the highest common divisor of 28 and t?
14
Let j = 30 + -8. Suppose 15*i - 777 = -282. What is the greatest common divisor of j and i?
11
Suppose 8 = r - p, -4*p + 7*p = r + 2. Let h = -12 + r. Let s be -1 - 0 - (-4 + h). Calculate the highest common divisor of 22 and s.
2
Let n = 276 + -237. Calculate the greatest common divisor of 39 and n.
39
Let t = -784 + 844. What is the highest common factor of t and 135?
15
Let m(n) = -n**3 + 16*n**2 - 49*n. Let y be m(11). Suppose -20 = -4*u + 2*k, -u - 4*k + 11 = -3. What is the greatest common factor of y and u?
6
Suppose 136 = 13*m + 4*m. What is the greatest common factor of m and 112?
8
Let s be (-64)/40*(-10)/(-4). Suppose -7 + 119 = 4*n. Let l = n + s. Calculate the highest common divisor of 72 and l.
24
Let b be -5 + (-14)/28*(1 - 61). Calculate the highest common divisor of b and 425.
25
Let q = -285 - -163. Let c = 124 + q. Calculate the highest common divisor of c and 14.
2
Let z = 34 + 2. Suppose 3*t + z = 126. What is the highest common factor of t and 30?
30
Suppose -2*n + 2 = -0*n - 4*l, n + 14 = 5*l. Let p be (4/14)/(2/14). Suppose -6*k - 163 = -3*y - 5*k, k = p. What is the highest common divisor of y and n?
11
Suppose 0 = 33*m - 6713 + 2225. Calculate the highest common divisor of 64 and m.
8
Let s = 4 - 6. Let a be (-3 + 2)*(s - (-2 + 1)). What is the greatest common divisor of 1 and a?
1
Suppose 0 = 3*x - 2*m - 129, -4*x - m + 261 - 78 = 0. What is the highest common factor of 15 and x?
15
Suppose -49*o = -0*o - 7105. Calculate the greatest common factor of 261 and o.
29
Suppose -202 = -v - 4*s, 46*v - 45*v = s + 187. What is the greatest common divisor of 10 and v?
10
Let u(g) = -g**2 + 14*g + 28. Let y be u(-7). Let a = 125 + y. Suppose 10 = 2*i - o, i - 2*i - o = 1. Calculate the greatest commo